d**2 - 3*d - 5. Determine h(-2).
-3
Let h(l) = 36*l - 403. Determine h(11).
-7
Let t(q) = -q**2 + 21*q - 9. What is t(-5)?
-139
Let r(p) = p**2 - 5*p - 5. What is r(9)?
31
Let p(y) = y + 4. Determine p(10).
14
Let k(h) = -3*h**2 + 28*h + 5. Give k(9).
14
Let w(g) = g**2 + 6*g + 3. Determine w(-5).
-2
Let f(y) = y + 15. Calculate f(11).
26
Let j(i) = -i**3 + 14*i**2 - 12*i - 9. What is j(13)?
4
Let d(a) = 6*a - 246. Determine d(41).
0
Let v(i) = -i**3 + 2*i**2 - 2*i + 7. Determine v(0).
7
Let q(a) = -3*a - 58. Determine q(-21).
5
Let p(q) = q**3 + 7*q**2 - 8*q + 13. Determine p(-8).
13
Let t(q) = q**3 - 2*q**2 - 2. Give t(3).
7
Let d(x) = x**3 - 6*x**2 + x. Calculate d(6).
6
Let k(i) = 20*i**2 + 1. Determine k(-1).
21
Let m(k) = -4*k - 59. Determine m(-14).
-3
Let y(h) = -h**2 + h + 14. What is y(0)?
14
Let p(v) = -3*v**2 + v + 22. Give p(-6).
-92
Let v(k) = k**2 - 8*k + 1. Determine v(10).
21
Let x(m) = -m**2 - 21*m - 23. Calculate x(-20).
-3
Let z(v) = 29*v + 441. Calculate z(-15).
6
Let v(p) = p**2 - p - 41. What is v(0)?
-41
Let k(j) = j + 9. Calculate k(-4).
5
Let s(m) = m**3 - 7*m**2 - 20*m - 7. What is s(10)?
93
Let x(f) = f**3 - 9*f**2 - 9*f - 12. Give x(10).
-2
Let c(q) = 18*q + 15. Give c(-3).
-39
Let k(s) = -s**3 + 3*s**2 - 4*s - 3. Give k(2).
-7
Let j(l) = 3*l - 7. What is j(3)?
2
Let b(h) = -h**2 - 11*h + 6. Give b(-14).
-36
Let g(j) = j**2 - 12*j - 11. What is g(5)?
-46
Let x(u) = 40*u**3 - 2*u**2 + 1. What is x(-1)?
-41
Let l(i) = -i**2 + 10*i - 2. Give l(9).
7
Let j(p) = 2*p**2 - 11*p - 15. What is j(6)?
-9
Let a(b) = 2*b**2 + 10*b + 5. Determine a(-5).
5
Let i(k) = -3*k**3 + 2*k**2 + 6*k - 8. What is i(2)?
-12
Let d(n) = n + 1. Give d(-1).
0
Let o(i) = -14*i - 118. Give o(-9).
8
Let w(a) = 6*a - 70. Give w(13).
8
Let t(v) = -v**2 + v + 1. Calculate t(-7).
-55
Let r(g) = g**3 + 29*g**2 + 31*g + 65. What is r(-28)?
-19
Let j(m) = -m**2 + 7*m - 6. What is j(9)?
-24
Let o(y) = 2*y**2 - 17*y + 1. Determine o(11).
56
Let c(w) = -w**3 - 10*w**2 + 20*w - 48. Determine c(-12).
0
Let m(s) = s**2 + 13*s. What is m(-13)?
0
Let b(r) = -29*r + 23. Calculate b(5).
-122
Let s(c) = 11*c - 82. Calculate s(8).
6
Let x(k) = k**2 - 8*k + 6. Calculate x(7).
-1
Let x(h) = h**2 + 9*h + 2. Determine x(-5).
-18
Let g(k) = 2*k**3 - 4*k**2 + 8*k - 7. What is g(2)?
9
Let c(d) = -d**3 + 30*d**2 - 3*d + 92. Determine c(30).
2
Let y(w) = -w**3 - 11*w**2 - 9*w + 10. Give y(-10).
0
Let h(l) = -7*l - 7. What is h(7)?
-56
Let o(u) = 3*u**2 - 13*u - 13. Give o(-1).
3
Let v(p) = p**3 + 4*p**2 - 12*p + 5. Give v(-6).
5
Let y(a) = -a**2 - 7*a + 36. What is y(3)?
6
Let x(o) = -o**2 + 9*o - 5. Determine x(5).
15
Let n(g) = -g**2 + 5*g + 12. Determine n(7).
-2
Let r(x) = -x**3 - x**2 - 1. Calculate r(0).
-1
Let u(w) = 16*w**2 + 2*w + 1. Give u(-1).
15
Let n(c) = -c**3 - 5*c**2 - 2. Calculate n(-5).
-2
Let b(x) = x**3 - 11*x**2 + 4*x + 24. Give b(10).
-36
Let p(g) = -2*g**3 - g**2 + g + 20. What is p(0)?
20
Let v(n) = 6*n**2 + 74*n - 45. Determine v(-13).
7
Let x(h) = h**2 - 25*h + 50. Determine x(2).
4
Let z(s) = -s**3 + 11*s**2 - 21*s + 29. Calculate z(9).
2
Let h(w) = 2*w**2 + 52*w - 112. What is h(-28)?
0
Let g(c) = 2*c**2 + 30*c - 2. What is g(-15)?
-2
Let k(f) = -f**3 + 17*f**2 - 17*f + 18. Calculate k(16).
2
Let t(q) = q**3 + q**2 - q - 15. What is t(0)?
-15
Let x(j) = j**3 - 5*j**2 + 6*j - 1. Determine x(4).
7
Let b(m) = -m + 17. What is b(-17)?
34
Let z(q) = 10*q - 37. Give z(7).
33
Let j(g) = 3*g**3 - 15*g**2 + 9*g + 3. Give j(4).
-9
Let m(h) = -h**2 + 3*h + 3. What is m(-8)?
-85
Let a(l) = l**3 + 10*l**2 - 13*l - 21. Give a(-11).
1
Let r(l) = -l**3 + 15*l**2 - 3*l + 2. What is r(15)?
-43
Let l(w) = 4*w + 2. Determine l(1).
6
Let z(r) = r**3 + 17*r**2 - r + 4. What is z(-17)?
21
Let m(c) = -c**3 + 13*c**2 - 10*c - 43. Give m(12).
-19
Let x(o) = o**2 - 11*o + 24. Calculate x(9).
6
Let f(y) = 9*y - 22. Give f(-10).
-112
Let h(n) = 3*n**2 + 6*n - 3. Determine h(-4).
21
Let u(m) = m**3 + 10*m**2 - 12*m - 11. Calculate u(-11).
0
Let l(i) = -i**3 - 2*i**2 + 35*i - 5. What is l(-7)?
-5
Let f(x) = -2*x**2 + 3*x + 5. Determine f(5).
-30
Let n(i) = 2*i + 4. Give n(4).
12
Let z(c) = c**3 + 18*c**2 - 18*c + 3. Give z(-19).
-16
Let u(n) = -n**3 + 9*n**2 - 8*n + 14. What is u(8)?
14
Let j(t) = -t**3 + 24*t**2 + 4. Determine j(24).
4
Let j(f) = -f + 40. What is j(0)?
40
Let j(m) = m**2 + m - 11. Calculate j(0).
-11
Let c(t) = -3*t**2 - 31*t - 7. Give c(-8).
49
Let s(g) = -g**3 - 36*g**2 + 34*g - 99. Give s(-37).
12
Let b(l) = 3*l + 14. Calculate b(5).
29
Let y(k) = k**3 - 6*k**2 - 9*k - 9. Calculate y(7).
-23
Let l(o) = -2*o**3 + 8*o**2 - 5*o + 9. Give l(4).
-11
Let v(w) = w**3 + 5*w**2 + 14*w + 29. Determine v(-3).
5
Let n(h) = h**2 + 2*h - 6. Give n(4).
18
Let g(w) = w**3 - 18*w**2 - 2*w - 12. What is g(18)?
-48
Let m(b) = 30*b + 2. Calculate m(-2).
-58
Let m(k) = -k**3 - 11*k**2 + 26*k. Give m(-13).
0
Let r(h) = 6*h + 82. What is r(-13)?
4
Let n(x) = 7*x - 17. Calculate n(8).
39
Let g(s) = -2*s**3 - 10*s**2 - 6. Determine g(-5).
-6
Let i(t) = -t**3 + 3*t**2 - t - 3. Determine i(4).
-23
Let b(s) = 8*s - 110. Give b(13).
-6
Let a(v) = v**3 + 15*v**2 + 33*v + 10. Give a(-13).
-81
Let k(z) = -z**3 - 30*z**2 - 59*z - 74. What is k(-28)?
10
Let h(p) = -20*p - 18. What is h(-6)?
102
Let h(s) = -2*s - 2. What is h(0)?
-2
Let w(k) = -k**3 + 6*k**2 - 5*k + 4. Calculate w(3).
16
Let j(y) = y**3 + 6*y**2 + y + 19. Determine j(-6).
13
Let u(j) = 2*j**3 - 20*j**2 + 11*j + 11. Give u(9).
-52
Let q(f) = 10*f + 15. Calculate q(-7).
-55
Let v(d) = 2*d + 5. Give v(-13).
-21
Let t(w) = -w**2 + 11*w + 7. Calculate t(7).
35
Let s(j) = -7*j + 45. What is s(6)?
3
Let m(w) = 163*w + 8. Calculate m(-1).
-155
Let b(i) = -i**2 - 19*i - 12. Determine b(-19).
-12
Let g(u) = 21*u**2 + 2*u - 3. Give g(1).
20
Let m(v) = 2*v**3 - v**2 - 3*v + 4. Determine m(2).
10
Let g(z) = -13*z**3 - 5*z**2 + 5*z - 3. Calculate g(2).
-117
Let w(g) = g - 24. Give w(8).
-16
Let c(a) = -a**2 + 10*a - 26. Calculate c(4).
-2
Let d(h) = h + 8. Determine d(-4).
4
Let k(p) = -4*p - 52. What is k(-5)?
-32
Let y(a) = -a**3 + 7*a**2 - 7*a + 4. Calculate y(7).
-45
Let c(s) = -2*s**3 + 2*s**2 + 2*s - 2. What is c(-2)?
18
Let b(w) = w**3 + 14*w**2 + 6*w - 80. What is b(-13)?
11
Let t(r) = -3*r + 22. Calculate t(9).
-5
Let t(q) = q**3 - 10*q**2 + 6*q + 7. Determine t(9).
-20
Let c(f) = -f**3 + 8*f**2 + 10*f - 12. Give c(9).
-3
Let v(b) = -b**3 - 14*b**2 + 32*b - 4. Calculate v(-16).
-4
Let k(s) = 20*s**2 - 2*s - 1. What is k(-1)?
21
Let b(q) = -q**3 + 8*q**2 + 10*q - 3. What is b(9)?
6
Let s(r) = 7*r + 70. What is s(-10)?
0
Let s(w) = -w**2 + 8*w - 8. Determine s(7).
-1
Let l(b) = b - 44. Determine l(25).
-19
Let v(k) = -k**2 + 8*k - 30. Calculate v(7).
-23
Let w(s) = 16*s**2 - 4*s + 1. Determine w(2).
57
Let y(d) = 12*d + 71. Calculate y(-5).
11
Let m(i) = i**2 - 13*i + 8. Determine m(11).
-14
Let l(k) = -3*k**2 + 9*k - 23. Calculate l(2).
-17
Let l(o) = 3*o**3 + o**2 + o - 1. Determine l(1).
4
Let p(w) = 10*w - 103. Calculate p(9).
-13
Let h(c) = -c**2 - 27*c + 5. What is h(-27)?
5
Let i(y) = y**2 - 35*y - 39. Determine i(36).
-3
Let t(g) = g**3 + 4*g**2 + 5*g + 2. Calculate t(-3).
-4
Let c(t) = 9*t - 57. Determine c(7).
6
Let w(s) = s**3 - 6*s**2 - 8*s + 13. Determine w(7).
6
Let f(q) = -q**2 + q - 2. Give f(0).
-2
Let a(l) = l**2 + 25*l + 28. Give a(-24).
4
Let d(b) = 20*b - 158. Determine d(8).
2
Let j(s) = -s**3 - 6*s**2 + 2*s + 9. Give j(-6).
-3
Let x(w) = w**2 - 3*w + 2. What is x(2)?
0
Let i(x) = x**2 + 21*x + 46. Determine i(-19).
8
Let u(j) = 2*j - 22. Determine u(9).
-4
Let u(f) = 16*f + 1. Determine u(-3).
-47
Let k(a) = a**3 - a**2 - 9*a - 1. Determine k(4).
11
Let f(v) = -v**2 - 12*v + 19. Determine f(-13).
6
Let z(b) = -10*b - 78. Give z(-9).
12
Let f(q) = -q**2 + 12*q + 41. What is f(-3)?
-4
Let f(c) = c**2 + 6*c. What is f(-4)?
-8
Let w(u) = -u**2 + 81*u - 84. Calculate w(80).
-4
Let r(c) = c**3 + 8*c**2 - 4*c + 13. Give r(-9).
-32
Let c(q) = 2*q**3 + 4*q**2 + 2*q - 1. Give c(-2).
-5
Let c(y) = 2*y**3 - 4*y**2 - 2*y + 3. What is c(3)?
15
Let f(q) = 39*q**2 + 4*q + 1. What is f(1)?
44
Let f(d) = -2*d + 67. Determine f(38).
-9
Let t(i) = i**2 - 11*i - 14. Give t(13).
12
Let q(w) = w + 17. Determine q(3).
20
Let k(b